ors of 1090.
2, 5, 109
List the prime factors of 18615.
3, 5, 17, 73
What are the prime factors of 81069?
3, 61, 443
List the prime factors of 27981.
3, 3109
What are the prime factors of 9187?
9187
List the prime factors of 1513.
17, 89
List the prime factors of 10690.
2, 5, 1069
What are the prime factors of 2813?
29, 97
What are the prime factors of 924?
2, 3, 7, 11
List the prime factors of 81879.
3, 7, 557
List the prime factors of 2419.
41, 59
List the prime factors of 16.
2
What are the prime factors of 956?
2, 239
What are the prime factors of 43263?
3, 11, 19, 23
What are the prime factors of 1699?
1699
What are the prime factors of 7732?
2, 1933
List the prime factors of 1758.
2, 3, 293
What are the prime factors of 2106?
2, 3, 13
List the prime factors of 11333.
7, 1619
List the prime factors of 37821.
3, 7, 1801
List the prime factors of 1125.
3, 5
What are the prime factors of 97503?
3, 7, 4643
What are the prime factors of 9243?
3, 13, 79
What are the prime factors of 644?
2, 7, 23
List the prime factors of 26572.
2, 7, 13, 73
What are the prime factors of 1174?
2, 587
List the prime factors of 559.
13, 43
List the prime factors of 53025.
3, 5, 7, 101
List the prime factors of 52.
2, 13
What are the prime factors of 8285?
5, 1657
List the prime factors of 1337.
7, 191
What are the prime factors of 22?
2, 11
List the prime factors of 4967.
4967
What are the prime factors of 25477?
73, 349
What are the prime factors of 5882?
2, 17, 173
What are the prime factors of 487?
487
List the prime factors of 1787.
1787
What are the prime factors of 5108?
2, 1277
List the prime factors of 559.
13, 43
List the prime factors of 80925.
3, 5, 13, 83
List the prime factors of 13632.
2, 3, 71
What are the prime factors of 686?
2, 7
List the prime factors of 30177.
3, 7, 479
What are the prime factors of 1887?
3, 17, 37
List the prime factors of 172715.
5, 34543
What are the prime factors of 4838?
2, 41, 59
What are the prime factors of 56497?
7, 1153
What are the prime factors of 17?
17
List the prime factors of 19240.
2, 5, 13, 37
What are the prime factors of 30128?
2, 7, 269
List the prime factors of 184047.
3, 31, 1979
What are the prime factors of 8892?
2, 3, 13, 19
List the prime factors of 20194.
2, 23, 439
List the prime factors of 810.
2, 3, 5
What are the prime factors of 2574?
2, 3, 11, 13
List the prime factors of 2116.
2, 23
List the prime factors of 25539.
3, 8513
What are the prime factors of 105133?
7, 23, 653
What are the prime factors of 1409?
1409
What are the prime factors of 33942?
2, 3, 5657
What are the prime factors of 1827?
3, 7, 29
What are the prime factors of 18216?
2, 3, 11, 23
What are the prime factors of 63558?
2, 3, 11, 107
List the prime factors of 24900.
2, 3, 5, 83
List the prime factors of 1115.
5, 223
List the prime factors of 4718.
2, 7, 337
List the prime factors of 8225.
5, 7, 47
List the prime factors of 67740.
2, 3, 5, 1129
What are the prime factors of 23776?
2, 743
List the prime factors of 9980.
2, 5, 499
What are the prime factors of 15783?
3, 5261
What are the prime factors of 67851?
3, 7, 359
List the prime factors of 5685.
3, 5, 379
List the prime factors of 968.
2, 11
List the prime factors of 458.
2, 229
What are the prime factors of 9204?
2, 3, 13, 59
List the prime factors of 15177.
3, 5059
List the prime factors of 103270.
2, 5, 23, 449
List the prime factors of 430.
2, 5, 43
What are the prime factors of 1608?
2, 3, 67
What are the prime factors of 135538?
2, 13, 401
What are the prime factors of 44041?
44041
List the prime factors of 22130.
2, 5, 2213
List the prime factors of 5841.
3, 11, 59
List the prime factors of 147588.
2, 3, 7, 251
List the prime factors of 17089.
23, 743
List the prime factors of 117053.
117053
List the prime factors of 36.
2, 3
List the prime factors of 328.
2, 41
List the prime factors of 1267.
7, 181
What are the prime factors of 1601?
1601
What are the prime factors of 8689?
8689
What are the prime factors of 5144?
2, 643
What are the prime factors of 4926?
2, 3, 821
What are the prime factors of 46757?
46757
What are the prime factors of 131506?
2, 47, 1399
List the prime factors of 124.
2, 31
What are the prime factors of 1118?
2, 13, 43
List the prime factors of 1411.
17, 83
List the prime factors of 5357.
11, 487
What are the prime factors of 1605?
3, 5, 107
List the prime factors of 5105.
5, 1021
What are the prime factors of 5494?
2, 41, 67
What are the prime factors of 48252?
2, 3, 4021
List the prime factors of 36545.
5, 7309
List the prime factors of 29049.
3, 23, 421
What are the prime factors of 51191?
7, 71, 103
List the prime factors of 921.
3, 307
List the prime factors of 1539.
3, 19
List the prime factors of 8135.
5, 1627
List the prime factors of 6880.
2, 5, 43
List the prime factors of 40108.
2, 37, 271
List the prime factors of 48271.
48271
What are the prime factors of 111?
3, 37
List the prime factors of 127890.
2, 3, 5, 7, 29
What are the prime factors of 717?
3, 239
What are the prime factors of 3999?
3, 31, 43
What are the prime factors of 3241?
7, 463
What are the prime factors of 51789?
3, 61, 283
List the prime factors of 589.
19, 31
What are the prime factors of 8378?
2, 59, 71
What are the prime factors of 18945?
3, 5, 421
What are the prime factors of 10173?
3, 3391
What are the prime factors of 20275?
5, 811
List the prime factors of 11368.
2, 7, 29
What are the prime factors of 8840?
2, 5, 13, 17
List the prime factors of 2146.
2, 29, 37
List the prime factors of 1431.
3, 53
List the prime factors of 183.
3, 61
List the prime factors of 7057.
7057
What are the prime factors of 3389?
3389
What are the prime factors of 2839?
17, 167
List the prime factors of 23236.
2, 37, 157
List the prime factors of 514.
2, 257
List the prime factors of 15782.
2, 13, 607
List the prime factors of 1901.
1901
What are the prime factors of 216?
2, 3
List the prime factors of 547.
547
What are the prime factors of 35109?
3, 47, 83
What are the prime factors of 74459?
7, 11, 967
What are the prime factors of 7248?
2, 3, 151
What are the prime factors of 2518?
2, 1259
What are the prime factors of 11736?
2, 3, 163
List the prime factors of 18190.
2, 5, 17, 107
List the prime factors of 16684.
2, 43, 97
List the prime factors of 71567.
59, 1213
What are the prime factors of 17534?
2, 11, 797
List the prime factors of 4228.
2, 7, 151
What are the prime factors of 1177?
11, 107
List the prime factors of 1824.
2, 3, 19
What are the prime factors of 5250?
2, 3, 5, 7
List the prime factors of 18901.
41, 461
What are the prime factors of 8006?
2, 4003
List the prime factors of 97744.
2, 41, 149
What are the prime factors of 81922?
2, 40961
What are the prime factors of 572?
2, 11, 13
List the prime factors of 128630.
2, 5, 19, 677
List the prime factors of 30950.
2, 5, 619
List the prime factors of 14178.
2, 3, 17, 139
What are the prime factors of 66757?
241, 277
What are the prime factors of 1744?
2, 109
What are the prime factors of 5172?
2, 3, 431
What are the prime factors of 40263?
3, 13421
What are the prime factors of 485?
5, 97
What are the prime factors of 1440?
2, 3, 5
What are the prime factors of 864?
2, 3
List the prime factors of 15450.
2, 3, 5, 103
List the prime factors of 9222.
2, 3, 29, 53
What are the prime factors of 899?
29, 31
List the prime factors of 49505.
5, 9901
List the prime factors of 966.
2, 3, 7, 23
What are the prime factors of 3362?
2, 41
What are the prime factors of 2175?
3, 5, 29
List the prime factors of 34548.
2, 3, 2879
What are the prime factors of 32412?
2, 3, 37, 73
List the prime factors of 2742.
2, 3, 457
List the prime factors of 10365.
3, 5, 691
List the prime factors of 8096.
2, 11, 23
What are the prime factors of 23136?
2, 3, 241
What are the prime factors of 8669?
8669
What are the prime factors of 450?
2, 3, 5
What are the prime factors of 13320?
2, 3, 5, 37
What are the prime factors of 967?
967
What are the prime factors of 46011?
3, 7, 313
List the prime factors of 1460.
2, 5, 73
What are the prime factors of 1010?
2, 5, 101
What are the prime factors of 649?
11, 59
List the prime factors of 20089.
20089
List the prime factors of 733.
733
List the prime factors of 186.
2, 3, 31
List the prime factors 